t d(r) = 4*r + 8. Let q be d(4). What is the highest common factor of q and 408?
24
Suppose -25 = k + 5*a, -17 = k + a + 2*a. Let m = 6 - k. Suppose m + 24 = 5*r. What is the greatest common factor of r and 14?
7
Suppose 0 = 2*p + 4, -5*i + 0*i = p - 23. Calculate the greatest common factor of 2 and i.
1
Let v be (-16 + 5/((-10)/6))/(-1). Suppose v*t - 20*t + 121 = 0. Let m = 7 + 4. Calculate the greatest common divisor of t and m.
11
Suppose 28*l + 95 = 5*h + 33*l, l + 9 = h. Calculate the highest common divisor of h and 28.
14
Let b(t) = 3*t - 14. Let x be b(38). What is the greatest common factor of 60 and x?
20
Let j = -25 - -60. Suppose -2*p + j = -p - 4*v, 2*p - 4*v - 62 = 0. What is the greatest common factor of 9 and p?
9
Let q(f) = -f**3 - 3*f**2 + 7*f + 1. Let j = -16 + 11. Let w be q(j). Calculate the greatest common factor of 40 and w.
8
Let r(l) = -4*l + 36. Let c(n) = 9*n - 73. Let a(x) = 3*c(x) + 5*r(x). Let g be a(12). Calculate the highest common divisor of g and 30.
15
Let v(s) = s**2 - 5*s + 7. Let p = 12 + -8. Let i be v(p). Let d = -13 - -34. What is the greatest common factor of d and i?
3
Suppose -2*v - 5*p + 190 = 0, 5*v + 5*p = 9*v - 440. Suppose -2*i = 2*i - 168. What is the greatest common factor of v and i?
21
Let r = -9 - -4. Suppose 11 = -c - 4*y, -2*c + 0*y - 6 = 4*y. Let m be 4 + r - (-2 - c). What is the greatest common divisor of 18 and m?
6
Suppose 366 - 466 = -5*u. Let z = -1 + 11. Calculate the greatest common factor of u and z.
10
Suppose 3*y - 35 = 37. Let p be 5 + (-7)/28*-12. Calculate the highest common divisor of p and y.
8
Let c be (-32)/(-96) + 6332/12. What is the highest common divisor of 60 and c?
12
Let n = 9 - 21. Let k be (2 + 1)*(-8)/n. What is the greatest common divisor of 18 and k?
2
Let l = -786 + 1110. Suppose -5*g + 2*g = -l. What is the greatest common divisor of g and 12?
12
Suppose -62 = 5*o - 2*a + 81, -19 = o + 2*a. Let c be (-2)/(((-24)/o)/(-4)). What is the greatest common divisor of 18 and c?
9
Suppose -6*d + 3*d - 33 = -3*s, -48 = -4*s + 2*d. Suppose 0 = -v - 5*f + 44, -f - 194 = 9*v - 14*v. Calculate the greatest common factor of s and v.
13
Let y be 66/6 + (-10)/2. What is the highest common factor of 69 and y?
3
Let a(l) = 213*l + 43. Let b be a(1). What is the highest common factor of b and 112?
16
Let o = -182 + 310. Let c = -1026 - -1042. What is the highest common factor of c and o?
16
Suppose o - 5*q = 34 + 9, q = 2*o - 50. Calculate the greatest common factor of o and 138.
23
Let k = 8 - 4. Let p be (-3)/(-3 + (-564)/(-184)). Let j be p/(-3) + 6/9. What is the highest common factor of j and k?
4
Suppose 210 = -w + 6*w. Let h(b) = -b**3 - 10*b**2 + 6*b - 8. Let t be h(-11). Let z = t - -58. What is the highest common factor of z and w?
21
Suppose 4*v + 103 - 1299 = 0. What is the highest common factor of v and 23?
23
Let x(s) = 128*s**2 - s - 11. Let q be x(-3). Suppose -6*f = 2*f - q. Suppose 0 = v - 1 - 12. Calculate the greatest common divisor of f and v.
13
Suppose 11*m - 4494 + 402 = 0. Calculate the greatest common factor of 12 and m.
12
Suppose 0 = 5*o - 5*x - 25, -2*x + 21 = o + x. Suppose 22 = o*k - 8*k. Suppose -k = -2*a + 18. What is the greatest common divisor of 10 and a?
10
Let a(l) = 2 + 18 - 3*l - 2. Let w be a(0). What is the highest common factor of w and 90?
18
Let n(m) = 2*m**2 - 44*m - 93. Let g be n(30). Calculate the greatest common divisor of g and 36.
9
Suppose -r = c - 3*r - 5, -4*c - 2 = 3*r. Let w = 14 - 3. What is the greatest common factor of w and c?
1
Let j be -116*((-3)/6)/1. Let g = j - 0. Let v = g - 30. What is the highest common factor of 42 and v?
14
Let z be (1/3)/((-10)/(-60)). Suppose -4*y + 24 = 3*b, -z*y + 6*y = -12. Calculate the highest common divisor of 96 and b.
12
Let w = 183 + -160. Calculate the highest common factor of w and 736.
23
Suppose 3*o = -15 - 24. Let g = 24 + o. Suppose -2*y + 88 = 2*y. Calculate the highest common divisor of g and y.
11
Let y be 0/(-3) + (1 - 0). Suppose -161*q + 88 = -150*q. Calculate the greatest common divisor of y and q.
1
Suppose 345*m = 340*m + 575. What is the greatest common divisor of m and 207?
23
Suppose 4*m = 0, 5*x - 3*m + 339 - 844 = 0. Let f = x - 17. Calculate the highest common factor of f and 56.
28
Suppose 0 = -9*c + 8395 - 2617. Calculate the highest common divisor of 12 and c.
6
Let w(q) = -q**2 - 21*q + 190. Let l be w(-15). Calculate the greatest common divisor of 245 and l.
35
Let q be (-133 + 1)*(-450)/200. What is the greatest common factor of q and 81?
27
Suppose 3*z = -5*g + 27, 4*g - 4*z = -9*z + 32. Suppose 21 = 2*p - 3*r, 0 = -g*p - 4*r + 41 + 16. Calculate the highest common factor of 75 and p.
15
Let w = 117 - -30. What is the greatest common divisor of w and 343?
49
Suppose -62*x + 18150 = -51*x. Calculate the greatest common divisor of x and 66.
66
Suppose 998 = -k + 2145. What is the highest common divisor of k and 31?
31
Let q be (-28)/5 + (-34)/85. Let f be 0 - (q + 2 + 0). Suppose -2*b = 6*n - 4*n - 24, 0 = -2*b + 5*n + 10. What is the greatest common divisor of f and b?
2
Let y = 2673 + -900. Let k = -1079 + y. Suppose 494 = 4*o - k. Calculate the greatest common factor of o and 27.
27
Suppose 6*b + 18 = a + 3*b, 0 = 4*a + 4*b - 120. Suppose 805 = 3*x + 4*h + 80, -3*h = 3*x - 726. Calculate the greatest common factor of a and x.
27
Suppose -v - 3 = -2*v. Suppose -656 = -v*z + 2*j, 4*z - 2*j - 3*j = 884. Let r be 226/10 - (-4)/10 - -4. What is the highest common divisor of r and z?
27
Let c be 86*7 + 280/28. Calculate the greatest common divisor of 2 and c.
2
Let s(i) = 4*i**2 + 22*i + 14. Let z be s(-6). Let t(c) = -12*c**3 + c**2 - 2*c. Let x be t(-2). What is the highest common factor of x and z?
26
Let y(r) = -2*r**2 + 22*r + 40. Let l(c) = -c**2 + c. Let p(b) = -l(b) + y(b). Let g be p(21). Calculate the highest common factor of g and 200.
40
Let f(h) = -h**2 + 13*h - 28. Let w be f(10). Suppose -7*o = -r - 3*o - 8, -w*r = -2*o - 2. What is the greatest common factor of 32 and r?
4
Let h be (-86)/(-8) + 1 + 24/(-32). Suppose 9*k = h*k - 20. What is the greatest common factor of k and 70?
10
Let w be (1 - -9) + (0 - 1). Suppose w*o + 124 = 13*o. Let r = o - 10. What is the highest common factor of 21 and r?
21
Let i(k) = -k**3 + 20*k**2 - 32*k - 54. Let d be i(18). Suppose -2*v = -19 - 33. Let n = 152 - v. Calculate the greatest common factor of d and n.
18
Suppose a + 3 = 0, 3*x - 3*a + 93 = x. Let j = x - -58. What is the highest common factor of 14 and j?
7
Suppose i = 141 - 15. Suppose 4*c = 2*c + i. What is the greatest common divisor of c and 7?
7
Let f be 1/(-3) - (-120)/9. Let t = 74 + -50. Let s = t - f. What is the greatest common divisor of s and 99?
11
Let l(u) = -3*u - 25. Let q be l(-9). Let t be 346/4 - 1/2. Suppose -3*r = -0*x + 3*x - 303, t = r - q*x. Calculate the highest common factor of 24 and r.
24
Let y be (5 - 4)/(-2 + 1). Let s = y + 3. Suppose t = -3*f + 295, 4*f = s*t - 3*t + 395. What is the greatest common factor of 40 and f?
20
Let c be 8 + -20 + 19 - (1 + -21). What is the greatest common divisor of 1998 and c?
27
Let c = -289 + 296. What is the highest common factor of 231 and c?
7
Suppose 0 = -2*j + 37 - 7. Let d = 8 + j. Calculate the highest common divisor of d and 207.
23
Let j be (2/1 + 52)/(-1). Let k = 4 - -86. Let o = k + j. What is the highest common factor of 4 and o?
4
Let x(q) = -q**3 + 10*q**2 + 15*q - 104. Let k be x(7). What is the highest common divisor of k and 185?
37
Suppose -2 + 6 = -v, -5*v = 3*x + 23. Let h be -2 + -1 + 64 - (-1 + x). Calculate the greatest common factor of h and 42.
21
Suppose -81*l + 163*l = 80*l + 414. Suppose 0*a = a. Suppose a = -0*w + w - 23. Calculate the greatest common divisor of w and l.
23
Let v = 5 + 0. Suppose -256 = -v*b + b. Suppose 0 = 5*h + 20, k + k = -2*h + 24. Calculate the greatest common divisor of b and k.
16
Let o(z) = -z**3 + 14*z**2 + 19*z - 10. Let c be o(15). Calculate the highest common divisor of c and 150.
50
Let i = 1134 - 315. Calculate the highest common factor of i and 39.
39
Suppose 5*k + 0 - 20 = -4*w, -3*w - 31 = -2*k. Let p(q) = 7*q**2 + 2*q. Let g be p(2). Let t = 0 + g. Calculate the greatest common factor of k and t.
8
Let b = 7 - -1. 